- -1 - -6) - 62.
-52
Evaluate 3 - (-39 + 33 + (-5 - -4)) - 23.
-13
Evaluate -110 - (75 - (45 + 82)).
-58
-27 + (25 - 4 - -16) + 46
56
-14865 - -14918 - (45 + -1)
9
Calculate -20 - (20 - (24 + (-48 - -18))).
-46
Evaluate 1 + 25 - (552 + -505).
-21
Calculate -331 + 300 + (-7 - -10).
-28
What is (-797 - -809) + 1 + 42?
55
What is the value of -105 + -67 + 95 + 10 + (-3 - 12)?
-82
What is the value of 3 + (-3 + 7 - 4) + (-19 - -8) + 8?
0
Evaluate -14 - (1 + -77 + (2 - 14 - 3) + 18).
59
Evaluate (10 - 7 - -5) + (-67 - (-12 + 8)).
-55
What is the value of (-6 - (-102 - -7)) + 52?
141
Evaluate (69 - (-44 + -24 + 53)) + (0 - -6) - 14.
76
What is the value of 541 + -614 - (-75 - 2)?
4
What is (-12 - (-10 + 8 + (11 - -2) - 14)) + 12?
3
Evaluate 1 - -39 - (722 - 763) - (-11 - 0).
92
What is the value of 8 + -2 + -2 - 6 - (11 + -1)?
-12
Calculate 0 + 58 - (26 + (-8 - -26) + -42).
56
What is -1 - -26 - (-44 + (42 - (-44 - -41)))?
24
Evaluate -3 - (-2 - 3 - (-9 + 9 - 8) - -9).
-15
Calculate (-26 - (-1 - (-5 - -2))) + (-229 - -241).
-16
What is the value of -1 + (-22 - -13) + 9 + -4 - 60?
-65
Evaluate -16 - (-68 - -73 - (-15 + -2)).
-38
Calculate (7 - 1 - (-251 - -245)) + 51 - (-21 - -9).
75
Calculate 79 - (-27 + 151 + -61).
16
What is the value of 7 - (22 + -5 + -4 + (-12 - -17))?
-11
Calculate 36 - (-26 + 19 - -60).
-17
What is 23 + -123 + 212 + -80 + -2 + 13?
43
(10 - (-16 + 2)) + 4 - 67
-39
-3 + -3 + 6 + 3 + 0
3
Calculate -101 + 40 + 69 - (2 + 4 - 0).
2
What is the value of (-80 - (0 - 3)) + -19 + 30 + -33 + 31?
-68
Evaluate 35 - (-39 - -3 - -170) - 20.
-119
-2 + 6 + -100 + 95 + 0 + 8 - 68
-61
Calculate 3 + -29 - (5 + -29 + 3).
-5
Evaluate 3 + (-17 - -35) - (-2 + -20).
43
What is the value of 12 - 17 - (260 - 348)?
83
43 - 46 - (11 - (-1 + -12))
-27
What is -3 + (-3 - 9) + -112 + 139 + -38 + 1?
-25
What is the value of -6 + (-645 + 658 - (-1 + 14))?
-6
Evaluate 4 + -22 + (-33 - -69) + 5.
23
What is the value of (26 - 53) + 13 + 24 - (57 + 1)?
-48
-89 + (71 - -7) - (2 - 2 - 41)
30
Evaluate (-73 - -72) + 66 + -110.
-45
Evaluate 13 + (13 - 34 - -28) + -108.
-88
What is (-367 - (8 + -137)) + 126?
-112
27 + -32 + -18 + 28 + 3
8
What is the value of (4 - (2 + 8 + 225 + -233)) + (8 - 1)?
9
What is the value of 9 + 59 - 176 - 2?
-110
What is the value of (-8 + -14 - (2 + -17)) + (-5 - 20)?
-32
(2696 - 2684) + (27 - (3 - 1 - 1))
38
Evaluate 1 + -18 + -17 + 7 + 7 + -1.
-21
Evaluate 14 + 4 - 6 - (-122 + 39).
95
What is the value of 0 - ((0 - 5) + -2167 + 2125)?
47
-3 - (-36 - -36 - 23)
20
(118 - 129) + 22 + -65
-54
(-242 - -260) + -11 + (-1 - 101)
-95
Evaluate 64 + 27 + (-8 - 2) + (-58 + 29 - -41).
93
9 - (1 + -81 - (43 - (-43 - (-87 - -12))))
100
What is 30 - (71 + 28 - (-54 - -19))?
-104
Calculate (78 - 2) + 112 + -119 + -26.
43
Calculate -33 + 7 - -4 - (54 - 46).
-30
Calculate 13 - (-27 - -17 - 29).
52
What is (40 + -20 - 3) + -11 + 36?
42
Calculate 1 + -55 + 34 + (30 - 71) + 13.
-48
Evaluate 2 + (89 - -3 - 8 - (42 - 55)).
99
What is the value of (2 - -1) + 1 + 15 + (-43 - (34 - 20))?
-38
Calculate (-1 - (96 + -112)) + 21 + 1.
37
(16 - -56) + -77 - 68
-73
Evaluate -21 + (281 - (158 + -10)).
112
Calculate (2 - (98 - 91)) + (1 - -35).
31
What is -5 + -15 - -9 - (-25 + 133 + -16)?
-103
Calculate (13 - (43 - 70)) + -15.
25
What is 74 - (9 - 29 - -56)?
38
What is the value of (101 - 105) + (-3 - -27 - (1 + -2))?
21
What is 6 + (-10 - (-8 - (-7 + 0 + -1))) + -28?
-32
(96 - 89) + (9 + -1 + 3 - (9 - 7))
16
(-53 - -50) + (-81 + -1 - (-7 + (-17 - -20)))
-81
-20 + 12 - (0 + (5 - 15) + 49)
-47
Evaluate -30 + 21 + 16 + 2.
9
What is the value of 24 + (-134 - 71) + 90?
-91
-1 + 6 - (-84 - (-13 + -56))
20
What is the value of 78 + -69 + (-52 - (-1 + 1))?
-43
(-24 - -55 - 24) + -8 + -99 + 0 + -6
-106
Evaluate (8 - (13 - 18) - (38 - 28)) + -43.
-40
Evaluate (-3 - 1) + 756 + -698.
54
-12 + (-1 - (1 + -3)) - (-7097 + 7107)
-21
What is the value of -471 + 456 - ((1 - -2 - -1) + -21)?
2
What is the value of 95 - 4 - (-1259 + 1477)?
-127
Calculate -50 + ((-4 - 17) + 35 - (-1 + -1 - -16)).
-50
What is the value of -3 - 1 - (-5 + (44 - (10 + -1)) + -15)?
-19
-15 + (-10 - -14 - ((24 - 11) + -8))
-16
12 + 27 + -2 + (6 - -1) + (-2 - -12)
54
Evaluate 67 + ((11 + 9 - 1) + -1 - 22).
63
-2 + -3 + ((14 - 10) + 12 - 8)
3
What is the value of 15 - 27 - -55 - 97 - (-20 + 0)?
-34
What is (35 - -4) + (36 - 19) + -40?
16
What is the value of 69 + -193 + -81 + 148?
-57
Evaluate (3 - 2) + ((6 - -1) + 13 + -9 - -19).
31
-3 + (-37 - -5) - 5 - (14 - 10)
-44
101 + (-47 - -27) + (24 - 16)
89
2 + -1 + (-280 - -300) - (12 - (3 + 0))
12
What is 10 - ((-13 - -16 - 1) + -18)?
26
What is -1 + 3 + -13 + 14 - 86?
-83
9 - (10 - -7) - (-28 - (3 - 5) - -5)
13
What is 60 + (50 - 53 - 15)?
42
What is 3 + (17 - 1) - 98 - -14?
-65
-99 + 11 + -19 + 48 + -2 + (0 - 0)
-61
Evaluate -10 - (-54 - (48 + -68)).
24
What is the value of -5 + 6 + -4 + (-8 - -1) + 19 + -82?
-73
Calculate (-11594 - -11371) + (144 - 1).
-80
Calculate 6 + -4 + 24 + -18 - (-2 - (2 - 112)).
-100
0 + 4 + (-72 - -29 - -39)
0
(-65 - (70 - 52)) + -18
-101
Calculate (22 - 25 - -9) + -1 + 4 + 4.
13
What is the value of (72 + -15 - (-1 + -8)) + -9?
57
What is the value of (-4 - (71 - 3)) + 829 + -804?
-47
Calculate 0 + -7 - (-40 + -190 + 192 + 1 + -19).
49
What is the value of (99 - (-241 - -132)) + -118?
90
Evaluate -61 - (-22 - 75) - (-3 - (-3 + 3 + -5)).
34
What is -8 - 4 - (63 + -89 - -27)?
-13
Calculate 4 + (-2 - -1) + (44 - 42) + -2 - 73.
-70
Calculate 35 - 33 - (-1 - 8).
11
15 + (240 - 355) + -3 + 11
-92
What is the value of -21 + (-25 - -56) + 23 + -9 + -7?
17
Calculate 18 + 3 + (-40 - (-6 - 7)).
-6
What is 89 - (94 + -58 + 18)?
35
What is the value of -56 + 26 - 50 - (7 - (5 + -8))?
-90
What is -51 - (24 + -25 + -45)?
-5
Calculate 41 - ((-96 - 3) + 33).
107
Evaluate 20 + -47 - ((4 - 109) + 31).
47
Calculate -49 + 1 + (-18 - -4) + 18.
-44
What is the value of -121 + 120 - -13 - (-1 - -2 - -1)?
10
(1 - (-8 - (-10 - (-7 - -3)))) + -6 + -84
-87
What is -214 - -274 - 51 - (0 - -11)?
-2
Evaluate -2 + 17 + -2 + (5 - -19) + -8.
29
What is the value of 5 + -6 + (2 + -13 - -12) + -3?
-3
What is the value of 35 - (9 + -64 + 121)?
-31
Evaluate 11 - ((-20 - -14) + 13 - -53).
-49
What is -62 + 10 - (-19 - (69 - 39))?
-3
What is (-1143 - -1145) + (-40 - -2) + 2?
-34
Evaluate 18 + -1 + -4 + 8 + -18 - (2 - -22).
-21
489 + -482 - (26 + -5 + (5 - 2) + 6)
-23
Evaluate -7 + 1 + 6 + (-2 + 5 - -16 - -1).
20
What is the value of -20 + 5 + 11 + (6 + 102 - -15)?
119
What is 5 + 65 + -6 + 157 + -177?
44
What is (0 + -4 + 8 - -12) + -167 + 163?
12
Calculate -4 - ((-1 - -26) + 82 + -83).
-28
What is (-307 - -267) + (14 - 1) + -5 + 6?
-26
0 + -3 - -9 - (-5024 + 5039)
-9
Calculate (198 - 208) + (19 - 0) + 8.
17
What is -2 + 0 + 6 + (-50 - -174 - 91)?
37
Calculate (-7 - (2 + -53)) + -10 + 8 + 0.
42
Calculate (0 - 23) + (-4 + -132 - -172).
13
What is 198 - 243 - (10 + -65)?
10
What is the value of 110 - (1 - -97) - (0 + 0 - (-1 - 121))?
-110
What is -175 + (67 - -25) - 0?
-83
Evaluate -15 - ((28 - 27) + 19 + -6).
-29
0 - -43 - (13 + (0 + -8 - (-40 - -35)))
33
Evaluate -3 + -21 + (-30 - -10 - (-17 - -1)).
-28
Calculate 0 + 1 + -22 + 11 - 28.
-38
Evaluate -22 + 29 + (-22 - -36) + (2 - -1).
24
Evaluate 0 + (-67 - 1) - (-336 - 127 - -456).
-61
What is (21 - (-27 - (-4 + -62))) + 23?
5
Calculate (75 - 56) + 3 + 0 - 58.
-36
What is the value of 94 - 69 - 82 - -30?
-27
Calculate (11 - 25) + 27 + 4 + (1 - -4).
22
Calculate (10 - 5 - -9) + -27 + (27 - 33).
-19
What is (2 - (1 - 7)) + (-5 - (-98 + (-13 - -6)))?
108
What is the value of -8 + -98 + -12 + 13 + -4 + 13 + -15?
-111
What is the value of -8 + (-27 - (0 + -27) - -14)?
6
-38 + 15 + -24 + 22 + (4 - 84)
-105
What is 11 - (22 + (3 - -7) - (-23 + 17))?
-27
What is the value of -5 + 4 + 5 + -1 + 42 + (5 - 1)?
49
What is the value of (-12 + -5 - -7) + -47 + (-8 - -13)?
-52
What is (-36 - -4) + (-445 - -452 - (12 + (0 - -2)))?
-39
(34 - 2) + 32 + -34 + -5 - 1
24
What is (0 - 1 - 42) + (-39 - -4 - -32)?
-46
What is -6 - 0 - ((82 - 40 - 37) + 1 + 3)?
-15
Calculate 72 + (5 - 4 - 0) + -132 + 124.
65
18 + (17 - (-7 - -124)) + 22
-60
What is the value of -1 + 5 - ((-8 - (9 - 37)) + -43) - 2?
25
Calculate 5 + (42 - 0) + -10 + (-8 - (9 + -19)).
39